
32
What is the greatest common divisor of 168 and 120?
24
Calculate the greatest common factor of 21189 and 21.
21
Calculate the greatest common divisor of 132 and 13728.
132
Calculate the highest common divisor of 2024 and 572.
44
What is the greatest common factor of 4 and 20?
4
Calculate the highest common factor of 6 and 81.
3
Calculate the highest common factor of 1239 and 182.
7
What is the greatest common divisor of 1083 and 133?
19
Calculate the greatest common divisor of 527 and 34.
17
Calculate the greatest common factor of 42 and 105.
21
What is the highest common factor of 481 and 26?
13
Calculate the highest common divisor of 6246 and 81.
9
What is the greatest common divisor of 4161 and 57?
57
Calculate the greatest common factor of 5696 and 64.
64
What is the highest common divisor of 35 and 7?
7
Calculate the highest common divisor of 10260 and 15.
15
Calculate the greatest common divisor of 124 and 16802.
62
What is the greatest common divisor of 2398 and 88?
22
Calculate the greatest common factor of 24 and 768.
24
What is the highest common divisor of 59 and 11151?
59
What is the highest common factor of 7 and 217?
7
What is the highest common divisor of 68 and 289?
17
Calculate the greatest common divisor of 322 and 14.
14
What is the greatest common factor of 4207 and 7?
7
What is the greatest common factor of 742 and 212?
106
What is the highest common factor of 61 and 488?
61
What is the greatest common factor of 9790 and 15?
5
Calculate the greatest common factor of 83 and 83.
83
Calculate the greatest common factor of 3 and 41.
1
What is the highest common divisor of 62 and 217?
31
Calculate the greatest common divisor of 1763 and 43.
43
Calculate the greatest common factor of 152 and 190.
38
What is the highest common divisor of 517 and 374?
11
Calculate the highest common divisor of 95 and 76.
19
What is the greatest common factor of 5850 and 36?
18
Calculate the greatest common factor of 57 and 1121.
19
What is the highest common divisor of 10305 and 225?
45
Calculate the highest common factor of 187 and 33.
11
Calculate the highest common factor of 660 and 2420.
220
Calculate the greatest common factor of 9204 and 36.
12
Calculate the highest common divisor of 182 and 56.
14
Calculate the greatest common factor of 575 and 2125.
25
Calculate the highest common factor of 855 and 36.
9
Calculate the greatest common factor of 87 and 429.
3
Calculate the highest common factor of 8489 and 39.
13
Calculate the highest common divisor of 78 and 182.
26
What is the greatest common factor of 96 and 14988?
12
What is the highest common divisor of 836 and 44?
44
Calculate the highest common factor of 49 and 98.
49
Calculate the highest common divisor of 237 and 7.
1
What is the greatest common factor of 165 and 385?
55
Calculate the highest common divisor of 301 and 28.
7
Calculate the greatest common factor of 1547 and 14.
7
What is the greatest common divisor of 9875 and 375?
125
Calculate the highest common divisor of 142 and 3550.
142
What is the greatest common divisor of 55 and 583?
11
What is the highest common divisor of 10336 and 532?
76
What is the greatest common divisor of 231 and 5775?
231
What is the highest common factor of 252 and 1071?
63
Calculate the greatest common factor of 2175 and 290.
145
What is the highest common factor of 493 and 51?
17
What is the greatest common divisor of 6162 and 390?
78
Calculate the greatest common divisor of 8375 and 125.
125
Calculate the greatest common factor of 84 and 21.
21
What is the highest common divisor of 667 and 29?
29
Calculate the highest common factor of 4 and 60.
4
What is the greatest common divisor of 12 and 150?
6
What is the greatest common divisor of 22044 and 132?
132
Calculate the greatest common divisor of 1975 and 79.
79
Calculate the greatest common factor of 1189 and 58.
29
Calculate the greatest common divisor of 2507 and 23.
23
Calculate the greatest common factor of 5050 and 80.
10
Calculate the highest common factor of 522 and 58.
58
Calculate the greatest common divisor of 756 and 686.
14
What is the greatest common factor of 2502 and 18?
18
What is the greatest common factor of 1867 and 5?
1
Calculate the highest common factor of 1179 and 252.
9
Calculate the highest common factor of 10 and 250.
10
Calculate the highest common divisor of 1035 and 855.
45
Calculate the highest common divisor of 10 and 208.
2
Calculate the greatest common factor of 21 and 798.
21
Calculate the greatest common divisor of 50 and 730.
10
Calculate the highest common factor of 594 and 324.
54
What is the greatest common divisor of 73 and 24601?
73
What is the greatest common divisor of 104 and 39?
13
Calculate the highest common divisor of 855 and 45.
45
Calculate the highest common divisor of 8 and 3928.
8
What is the greatest common divisor of 248 and 144?
8
Calculate the greatest common divisor of 40 and 1760.
40
Calculate the highest common factor of 567 and 42.
21
What is the greatest common factor of 264 and 1232?
88
What is the greatest common divisor of 770 and 70?
70
What is the highest common factor of 18 and 2286?
18
Calculate the greatest common factor of 174 and 2958.
174
Calculate the highest common divisor of 45 and 90.
45
Calculate the greatest common divisor of 96 and 3.
3
Calculate the greatest common factor of 578 and 68.
34
What is the greatest common divisor of 19 and 304?
19
Calculate the highest common divisor of 85 and 10115.
85
Calculate the highest common factor of 264 and 72.
24
What is the greatest common factor of 8631 and 42?
21
What is the greatest common factor of 2923 and 407?
37
Calculate the highest common divisor of 22120 and 7.
7
Calculate the highest common divisor of 15 and 435.
15
Calculate the highest common divisor of 22 and 99.
11
Calculate the highest common factor of 6419 and 539.
49
Calculate the highest common factor of 1584 and 99.
99
Calculate the greatest common divisor of 3 and 15.
3
Calculate the greatest common factor of 216 and 120.
24
What is the highest common divisor of 90 and 10?
10
What is the highest common factor of 775 and 93?
31
What is the greatest common divisor of 192 and 108?
12
What is the highest common factor of 28 and 364?
28
Calculate the greatest common divisor of 28 and 966.
14
What is the highest common factor of 8404 and 44?
44
Calculate the greatest common divisor of 5461 and 1016.
127
What is the highest common factor of 1040 and 112?
16
Calculate the highest common divisor of 14854 and 14.
14
What is the greatest common divisor of 27 and 19521?
27
Calculate the highest common factor of 6942 and 78.
78
Calculate the highest common factor of 5421 and 78.
39
Calculate the highest common divisor of 39 and 494.
13
What is the greatest common factor of 656 and 32?
16
Calculate the highest common divisor of 1098 and 27.
9
Calculate the highest common factor of 454 and 2.
2
What is the highest common divisor of 15828 and 3?
3
Calculate the greatest common divisor of 3323 and 3.
1
Calculate the highest common divisor of 51 and 2346.
51
Calculate the greatest common factor of 27 and 108.
27
What is the highest common factor of 117 and 36?
9
Calculate the greatest common factor of 51 and 1479.
51
Calculate the greatest common divisor of 57 and 76.
19
Calculate the greatest common factor of 1799 and 7.
7
Calculate the greatest common factor of 636 and 24.
12
Calculate the highest common divisor of 87 and 6177.
87
Calculate the greatest common divisor of 3710 and 424.
106
What is the highest common divisor of 170 and 12070?
170
What is the highest common factor of 221 and 3859?
17
Calculate the greatest common divisor of 2816 and 1012.
44
What is the greatest common factor of 113 and 57065?
113
What is the highest common divisor of 202 and 2?
2
Calculate the greatest common divisor of 28 and 29834.
14
What is the greatest common factor of 1440 and 60?
60
Calculate the greatest common divisor of 2688 and 21.
21
Calculate the greatest common divisor of 5508 and 51.
51
What is the highest common factor of 56 and 756?
28
Calculate the highest common factor of 10 and 50.
10
What is the highest common factor of 101 and 27472?
101
Calculate the greatest common divisor of 30 and 555.
15
What is the greate